-49a4?
49a9
In base 10, what is -384 + 20?
-364
In base 3, what is 11222220 + -2120?
11220100
In base 2, what is -111001110100011 - 0?
-111001110100011
In base 8, what is -3 - -1200?
1175
In base 4, what is -2031231 + 1210?
-2030021
In base 3, what is 2001120222002 - 12?
2001120221220
In base 6, what is -2445512 - -3?
-2445505
In base 2, what is -10 - -1100111000101?
1100111000011
In base 12, what is 2050a + 6?
20514
In base 3, what is 1212 - 1011202?
-1002220
In base 12, what is -2 - a20?
-a22
In base 16, what is 5 - 453eb?
-453e6
In base 14, what is d13 + -29?
cc8
In base 6, what is -135 + -3030?
-3205
In base 13, what is -433 + -718?
-b4b
In base 15, what is 4894 + -10b?
4788
In base 6, what is -105021 + -3?
-105024
In base 5, what is 200432 - -4?
200441
In base 9, what is 1 - 151221?
-151220
In base 15, what is -b + -1725a?
-17266
In base 2, what is -10100110 + -101000011100?
-101011000010
In base 9, what is -11352 + -37?
-11400
In base 15, what is -4 - -1b15b?
1b157
In base 12, what is 2 - -942?
944
In base 11, what is 9 - -432?
440
In base 14, what is d1695 + -2?
d1693
In base 9, what is 1248 + -24?
1224
In base 14, what is 4c6 + -a9?
41b
In base 3, what is 1222 - 20201002?
-20122010
In base 5, what is 2 - -4320222?
4320224
In base 6, what is -3431 - 4?
-3435
In base 4, what is -10 + 2233010?
2233000
In base 9, what is 15641 - 8?
15632
In base 5, what is -20313 - -414?
-14344
In base 7, what is 3003653 - -2?
3003655
In base 2, what is -1000111101001010 + -1?
-1000111101001011
In base 16, what is 64bf - 6?
64b9
In base 6, what is -41 - -1305?
1224
In base 11, what is a761 + 8?
a769
In base 15, what is 80d0 - -2?
80d2
In base 4, what is 2200331020 - 2?
2200331012
In base 7, what is 502044 - 3?
502041
In base 11, what is -38828 - 5?
-38832
In base 11, what is -283 - 138?
-410
In base 6, what is 20341 + 144?
20525
In base 7, what is -3 - 13051440?
-13051443
In base 3, what is 1021 + -120012000?
-120010202
In base 5, what is -3 + -3020032?
-3020040
In base 16, what is -b2 + 862?
7b0
In base 5, what is 24013223 - 3?
24013220
In base 13, what is 85947 + -2?
85945
In base 13, what is 191 - b3?
ab
In base 12, what is 15 + -1383?
-136a
In base 5, what is -20343212 - 4?
-20343221
In base 13, what is 2049 - -2?
204b
In base 12, what is 10157a3 + 1?
10157a4
In base 5, what is -112431 - 32?
-113013
In base 13, what is -161bb5 + -6?
-161bbb
In base 7, what is 0 - 43504?
-43504
In base 5, what is -3030 + -3000?
-11030
In base 9, what is 74 + 20?
104
In base 12, what is -381a7 + -1?
-381a8
In base 15, what is -22 - 4d7?
-509
In base 7, what is 550 - 1066?
-216
In base 12, what is 114a8 + 17?
11503
In base 8, what is 15606 + 2?
15610
In base 16, what is 6c2 - -c7?
789
In base 13, what is a161 - 5?
a159
In base 13, what is 627a + -2?
6278
In base 7, what is 3 - -2102222?
2102225
In base 15, what is 5 + 8324?
8329
In base 10, what is -1659 - -15?
-1644
In base 13, what is bc4820 - 2?
bc481b
In base 5, what is -12 - 1030034?
-1030101
In base 2, what is 101000011001100 - 1001011?
101000010000001
In base 13, what is -8 + -62cc?
-6307
In base 4, what is 2123333 + 2?
2130001
In base 7, what is -134353 - -4?
-134346
In base 11, what is 780 + 22a?
9aa
In base 16, what is 79 + -43?
36
In base 4, what is 23022303 + 30?
23022333
In base 3, what is 12 + 202022011210?
202022011222
In base 10, what is -10 - -32885?
32875
In base 7, what is 6135 + -11?
6124
In base 12, what is 26137 + 3?
2613a
In base 8, what is -11574 - 6?
-11602
In base 16, what is -23b + -21?
-25c
In base 12, what is -12 + 8903a?
89028
In base 7, what is -6 + 14324?
14315
In base 4, what is -323121 - -312?
-322203
In base 7, what is 213 + 605?
1121
In base 7, what is 166541 - 12?
166526
In base 13, what is 1092 - 20?
1072
In base 4, what is 111 - -12302122?
12302233
In base 6, what is 4 + 100500?
100504
In base 15, what is 1 + 7308a?
7308b
In base 11, what is 13 - 143640?
-143628
In base 4, what is 232120 + -110111?
122003
In base 4, what is 3 + 1203030?
1203033
In base 3, what is -2210 - -21200110?
21120200
In base 14, what is b54 - b?
b47
In base 3, what is -12 - 100201101121?
-100201101210
In base 4, what is -2101 + -3122?
-11223
In base 13, what is 7aa5 - -a?
7ab2
In base 6, what is -21043514 + 11?
-21043503
In base 9, what is -4645 - 1?
-4646
In base 14, what is -1a707 - 22?
-1a729
In base 16, what is -2 + 8b17?
8b15
In base 15, what is d - -31b2?
31c0
In base 10, what is 14379 + -29?
14350
In base 16, what is -5cc3 + 1b?
-5ca8
In base 5, what is -2222 + -202?
-2424
In base 14, what is -3cadc - a?
-3cb08
In base 4, what is -12 + 201311010?
201310332
In base 11, what is -4 + 30010?
30007
In base 5, what is 142342 + -100?
142242
In base 7, what is -2505 + 46?
-2426
In base 3, what is -1 + -121120221122?
-121120221200
In base 16, what is 549 + 68?
5b1
In base 5, what is 111413132 + -4?
111413123
In base 11, what is 85686 + 3?
85689
In base 16, what is -1 + -4c6d3?
-4c6d4
In base 8, what is -310177 + 0?
-310177
In base 13, what is 2961c + 37?
29656
In base 14, what is -73d + 9?
-734
In base 7, what is 1221 - -120?
1341
In base 6, what is 1 - 301135?
-301134
In base 9, what is 652 - -230?
882
In base 6, what is 13235 + 41?
13320
In base 11, what is 11599 - 1?
11598
In base 4, what is 12 - -10030120?
10030132
In base 10, what is 3 - -58584?
58587
In base 6, what is -2020 + -2202?
-4222
In base 11, what is -7758 + 3?
-7755
In base 15, what is 2ce9 + -e?
2cda
In base 3, what is 2022 - -20201?
100000
In base 11, what is -5 - -9088?
9083
In base 3, what is 10021121 - 10212?
10010202
In base 3, what is -120222212 - -120?
-120222022
In base 10, what is 7217950 - 3?
7217947
In base 11, what is -151 + 11a?
-32
In base 12, what is -3a - -7a7?
769
In base 8, what is 21 - -3322?
3343
In base 9, what is -1 + 25504?
25503
In base 13, what is -66 + 24b?
1b5
In base 11, what is -666191 + 5?
-666187
In base 5, what is -1130 + 13200?
12020
In base 15, what is -15ded - 0?
-15ded
In base 14, what is -9 + -5ab?
-5b6
In base 12, what is 8b001 + 3?
8b004
In base 16, what is -a + 43e6?
43dc
In base 12, what is -4 - 2b147?
-2b14b
In base 13, what is 106a58 - -1?
106a59
In base 16, what is 951 + -2?
94f
In base 9, what is -136 + -68680?
-68826
In base 12, what is 443 - b7?
348
In base 13, what is 182a4 + -14?
18290
In base 9, what is 17622 - -681?
18413
In base 2, what is 1101 + 1010101000100?
1010101010001
In base 2, what is -100001 + -10111111010001111?
-10111111010110000
In base 10, what is -842338 + -7?
-842345
In base 11, what is 7664 - 6?
7659
In base 16, what is -6d - -175?
108
In base 9, what is 586 - 331?
255
In base 2, what is -1111111110011001011001 - 101?
-1111111110011001011110
In base 8, what is -134 + -1311?
-1445
In base 3, what is 100121210000 - -10?
100121210010
In base 8, what is 1 - 2033307?
-2033306
In base 7, what is -1212 + -3?
-1215
In base 9, what is 731 + 2341?
3172
In base 9, what is 4824 - -23?
4847
In base 9, what is 167666 + 3?
167670
In base 2, what is 101100111000111100 - 0?
101100111000111100
In base 6, what is 1503515 + 2?
1503521
In base 10, what is -12 + -1?
-13
In base 16, what is -4 + 85d2?
85ce
In base 2, what is -100111110001111001010 + 100?
-100111110001111000110
In base 10, what is 1630 - -752?
2382
In base 14, what is -57 + 2c7?
270
In base 4, what is 33101310 - -10?
33101320
In base 4, what is 203 + 10311113?
10311322
In base 6, what is 144 + 4021?
4205
In base 3, what is 200 - -10121211?
10122111
In base 9, what is 262 - 6411?
-6138
In base 4, what is 332102 + 12?
332120
In base 5, what is -130 - 1440?
-2120
In base 13, what is 23800 + -1?
237cc
In base 4, what is 12112 - 11?
12101
In base 15, what is -9 + -717?
-721
In base 8, what is -13464 + 420?
-13044
In base 6, what is 3044100 + -4?
3044052
In base 10, what is -3 + -7041?
-7044
In base 10, what is 84084 - -5?
84089
In base 8, what is -1636 + 6174?
4336
In base 14, what is -21941 + 4?
-2193b
In base 13, what is 65 + 1bb5?
1c4a
In base 10, what is 153725 + -3?
153722
In base 11, what is -44267 + a?
-44258
In base 2, what is 10110110010001011010 - 11?
10110110010001010111
In base 11, what is 6a - -436?
4a5
In base 4, what is -2 + 213111100?
213111032
In base 11, what is 2019a2 - -3?
2019a5
In base 11, what is -5 - -3a0519?
3